 - 167*x + 9. Calculate the remainder when 3 is divided by x.
0
Let h = -1052 - -1086. What is the remainder when h is divided by 7?
6
Suppose 4*j = -f + 24, -4*j = -1 - 19. Suppose -f - 12 = -4*d. Calculate the remainder when d/(-14) - 186/(-14) is divided by 5.
3
Suppose 4*w - 50 = 2*w + 2*a, 0 = 3*w - 5*a - 81. Suppose -24 = -25*u + w*u. What is the remainder when 38 is divided by u?
6
Let v(q) = q**2 - 8*q + 3. Let j be v(8). Suppose 59 = -4*p - y, j*y - 16 = 3*p + 17. What is the remainder when 4/p + 3880/56 is divided by 18?
15
Suppose -8*k + 22 - 118 = 0. What is the remainder when 182 is divided by k/(-36) + (-1)/3 - -62?
58
Let i(w) = 12*w - 16. Suppose 2*c + 3*c = 2*h + 35, 3*c - 5*h - 21 = 0. Let u be i(c). Suppose -t - 3 = -u. Calculate the remainder when t is divided by 23.
19
Suppose -3282*g = -3289*g + 14. Suppose 15 + 13 = 4*m. What is the remainder when m is divided by g?
1
Let v = -209 + 245. Suppose 2*s - 7*s + 705 = 0. Calculate the remainder when s is divided by v.
33
Let t be -5*(-4)/10 - 4. What is the remainder when 53 is divided by ((-48)/40)/(t/15)?
8
Suppose 0 = -4*b + 12, 2*m - 43*b - 221 = -48*b. Calculate the remainder when 1543 is divided by m.
101
Suppose -4*y = 5*n - 478 + 146, -5*n = -20. Calculate the remainder when y is divided by 40.
38
Let c(g) = -g**2 + 12*g - 10. Let u be c(10). What is the remainder when 9 is divided by (-6)/(16/(-10) - 4/u)?
0
Let o be (-1897)/42 + (-2)/(-12). Let w = o - -116. What is the remainder when w is divided by 24?
23
Let d be (-1 + -9)*48/(-10). Suppose -4*i + i = 3*x - 12, 5*i + 2*x - 5 = 0. What is the remainder when 26 is divided by 2 + d/(i - -5)?
12
Let v(t) be the second derivative of 37*t**3/6 - 9*t**2/2 - 6*t. Calculate the remainder when v(3) is divided by 15.
12
Suppose -7*a + 995 - 344 = 0. Calculate the remainder when a is divided by 83.
10
Suppose -h + 3*w - 3 = 0, -35 = -34*h + 29*h + 5*w. Let b(f) = -2*f**3 + 3*f + 1. Calculate the remainder when b(-3) is divided by h.
10
Suppose 178 = 5*z + s, -z + s + 67 = z. What is the remainder when 234 is divided by z?
24
Let c(w) = w**2 - 5*w - 4. Let t be c(9). Suppose -172 = -10*f - t. Calculate the remainder when 97 is divided by f.
13
Let c be (-4)/(5/6 + -1). Let u be 14/21 + 84/9. Suppose -c = -u*y + 7*y. What is the remainder when y is divided by 3?
2
What is the remainder when -10 + 0/(-12) + 144 is divided by 28?
22
Let o(b) = 2*b**2 - 13*b + 9. Let x be o(6). Suppose q + x*q = -156. Let u = -25 - q. Calculate the remainder when u is divided by 5.
4
Suppose 4*k + o - 35 = 0, 2*o + 7 = 2*k - o. Calculate the remainder when 15*(-35)/(-10)*(-24)/(-70) is divided by k.
2
Suppose -2*c + 20 = -4*c. Calculate the remainder when (6/(-8))/((-1)/76) is divided by c*(1 + (-15)/6).
12
Let j = 2223 + -2152. Calculate the remainder when 424 is divided by j.
69
Suppose 25 = 2*r + 2*j + j, -r - 5*j + 2 = 0. Suppose -r*f + 18*f = 8. What is the remainder when 54 is divided by f?
6
Suppose 145*g + 23324 = 108729. What is the remainder when g is divided by 10?
9
Suppose -11*p + 817 - 278 = 0. What is the remainder when 145 is divided by p?
47
Let t(q) = -q**2 - 9*q - 6. Suppose -b - 78 = -3*b. What is the remainder when b is divided by t(-7)?
7
What is the remainder when 78 is divided by (-6 + 6)/(0 - -1) + 42?
36
Suppose 5*g + 9*g - 658 = 0. Calculate the remainder when g is divided by 7.
5
Let y(u) = -2 - 1 + 3*u + 8. Calculate the remainder when 26 is divided by y(3).
12
Calculate the remainder when 170 is divided by (-30)/8*(-1152)/108.
10
Let c = 724 - 712. Calculate the remainder when 23 is divided by c.
11
Suppose -4*i + 1 = -w + 8, -5*w - i = -98. What is the remainder when 108 is divided by w?
13
Suppose 2*q + 3*h - 79 = 0, 7*q - 75 = 5*q + h. Suppose -3*w = 2*n - 5, 3*n + 2*w = 4*w + 40. What is the remainder when q is divided by n?
8
Suppose -2 = -2*k, -2*k + 7*k = 4*r - 159. Calculate the remainder when 194 is divided by r.
30
Suppose 0 = -v - 4*w - 2, -5*w + 4 = -9*w. Suppose 4*r = 16 + 4. Suppose -5*u - r + 35 = 0. What is the remainder when u is divided by v?
0
Suppose p + 153 = 5*f, 26*p = -4*f + 27*p + 122. What is the remainder when 112 is divided by f?
19
Let r(t) = 3*t + 2. Let j(x) = 7*x + 4. Let l(h) = -2*j(h) + 5*r(h). Calculate the remainder when 5 is divided by l(0).
1
Suppose -140 = 7*z - 945. Calculate the remainder when z is divided by 35.
10
Let z(p) = p**2 + 44. What is the remainder when 48 is divided by z(0)?
4
Let c = 187 + -178. Calculate the remainder when 94 is divided by c.
4
Let r = -527 - -357. Let p = r - -93. Let i = p - -130. What is the remainder when i is divided by 18?
17
Let d(j) = 20*j - 52. Calculate the remainder when d(21) is divided by 53.
50
Let h(j) = 2*j**2 + 3*j - 7. Let t be h(-5). Suppose 4*f = 2*p + t, -3*p = 2*f - 5*f + 27. What is the remainder when f is divided by 3?
2
Let u(s) = 3*s**2 + 30*s - 25. What is the remainder when u(-13) is divided by 34?
24
Let h = -642 - -938. What is the remainder when h is divided by 77?
65
Let z = -2 - -5. Suppose 0 = -z*c + 36 + 18. What is the remainder when 34 is divided by c?
16
Let v(o) = 3*o**2 + 27*o - 17. Let q = 5 - 8. What is the remainder when (-49)/(-2) + q/(-6) is divided by v(-10)?
12
Let i = 353 + -301. Calculate the remainder when i is divided by (-1)/((-1)/22*2).
8
Suppose -3*v + 0*v - 31 = -t, -4*v = 4*t - 44. Suppose 4*i = -u + 21, -5*u + i + 42 + 0 = 0. Calculate the remainder when t is divided by u.
7
Let h(u) = -80*u + 651. Let m(f) = f**2 + f + 7. Calculate the remainder when h(8) is divided by m(0).
4
Suppose 6 = 2*x, -5*x - 11 = -3*q + 43. Calculate the remainder when 63 is divided by q.
17
Suppose -4*h = -5*r + 200, 5*r = -h - 4*h + 245. What is the remainder when 878 is divided by r?
42
Suppose 0 = -2*d - 5*p + 74, 8*p - 56 = -2*d + 12*p. What is the remainder when 69 is divided by d?
5
Let f(c) = 5*c - 38. Let z be f(7). Calculate the remainder when (224 - -2)*-5*z/30 is divided by 23.
21
Let c(v) = -v + 6. Let p be c(5). Suppose 2*f + p = 51. Let r(q) = -7*q + 20. Calculate the remainder when r(-11) is divided by f.
22
Suppose 0 = 3*k, -r = 2*r - 4*k - 270. Suppose f + 4*v + r = -0*v, 85 = -f - 5*v. What is the remainder when 7 is divided by (-200)/f + 4/22?
1
Let l = 121 + -19. Let z be (-80)/(-3) + (-1)/(-3). Let b = l - z. What is the remainder when b is divided by 13?
10
Let m(z) = -2*z**3 - 5*z**2 - 2. Let x be m(-4). Let j = x + -32. Calculate the remainder when j is divided by 5.
4
Let n(l) = 16*l**2 + 3*l + 5. What is the remainder when n(-2) is divided by 22?
19
Suppose -j + 469 = 3*j - 5*r, -j = -2*r - 121. Suppose -3 - 137 = -5*p + a, -4*p + a = -j. What is the remainder when p is divided by 8?
5
Suppose -19*c + 1239 - 403 = 0. What is the remainder when 181 is divided by c?
5
Let d(w) = -16 - 2*w**2 - 8*w + 3*w**2 + 3. Calculate the remainder when d(10) is divided by 2.
1
Let t(k) = k**2 + 6*k + 5. Let q be t(-4). Calculate the remainder when ((-7)/(-2) - q)*2 is divided by -2 + -1 - (-10 - -2).
3
Calculate the remainder when 354 is divided by 2*6/2*17/2.
48
Let m be 0 + 2 - 0/6. Suppose 0 = -q + 11 + m. What is the remainder when (-1 + -1 + (-2)/(-3))*-18 is divided by q?
11
Suppose d - 3*t = 3, -3*d - 15 - 8 = -t. Let p = 37 - d. What is the remainder when p is divided by 12?
10
Let i = -11 - -28. Suppose -14*n + 73 = 3. Calculate the remainder when i is divided by n.
2
Let p = -102 + 126. What is the remainder when 2831 is divided by p?
23
Suppose -2*r - 2*l = -192, -15*r + 2*l = -10*r - 473. What is the remainder when r is divided by 30?
5
Suppose 2*j - 15 = 11. Suppose 0 = 10*q - 25 - 285. Calculate the remainder when q is divided by j.
5
Suppose -2*g + 10 = 2*f, 0 = -g - 4*g + 3*f + 1. Calculate the remainder when 37 is divided by g.
1
Let i be 10*2 + 4 + -3. Suppose -39 - i = -4*k. Calculate the remainder when k is divided by (4 + 0)/(-1 - -2).
3
Let z(o) = 2*o**2 - 8*o + 10. Let t be z(8). Suppose 5*p + t = 419. Let l = -59 - -77. What is the remainder when p is divided by l?
15
Suppose 0 = 17*g - 4617 - 5158. Calculate the remainder when g is divided by 34.
31
Let d(v) = -36*v - 418. Calculate the remainder when d(-31) is divided by 14.
12
Suppose q - 5 = -2, 3*r - 3*q = 0. Suppose 0